x = -71 + 110. Let s = -18 + x. Suppose 2*y = -3*y + 55. What is the remainder when s is divided by y?
10
Let y(u) = 2*u**2 + 2*u - 3. What is the remainder when y(-4) is divided by 10 - 5*(-4)/(-10)?
5
Let r(s) = -s**3 + 7. Calculate the remainder when 20 is divided by r(0).
6
Let i = 7 + -7. Suppose i = 4*m - 8 - 8. What is the remainder when 6 is divided by m?
2
Let u be 4/(1/(-3)*-3). Suppose -u*y - 38 = -2*s, 4*s + 4*y - 53 = 11. Calculate the remainder when s is divided by 6.
5
Suppose 5*p + 413 = 4*f, -f + 5*f - 4*p = 416. Let w = -67 + f. Let q = 2 - -12. What is the remainder when w is divided by q?
12
Suppose 0 = -5*m + 2*w + 17, 2*m - w = 5*m - 8. Suppose 2*d + 18 = m*d - 3*u, 0 = 2*u + 8. Calculate the remainder when 27 is divided by d.
3
Let o(n) = -n - 10. Let d be o(-10). Let r be 20*(d + (-9)/(-2)). Suppose -r = -2*w - w. Calculate the remainder when w is divided by 16.
14
Let b(d) = 13*d**2 + 4*d. Let s be b(4). Suppose -3*u = 4*f + 41 - 9, 22 = -2*u - 2*f. What is the remainder when (-2)/(-6) - s/u is divided by 5?
4
Let w(t) = -t**3 + 5*t**2 - 3*t. Suppose -24 = -2*v + 4. What is the remainder when v is divided by w(4)?
2
Suppose -2*b = -3*s + 93, -5*b + 6*s = s + 230. What is the remainder when -1 + (3 - 0) - b is divided by 12 + 0/(2/2)?
11
Suppose 24 = 3*u - u. Suppose -3*n - 4*h = -u, 5 = 2*n - 2*h - 17. Calculate the remainder when -2 - -26 - (0 - -1) is divided by n.
7
What is the remainder when (-3)/((2/92)/((-1)/2)) is divided by 19?
12
Let u(q) = -4*q + 1. Suppose 0 = 3*o - 6*o + 72. Calculate the remainder when o is divided by u(-2).
6
Suppose -3*k - 12 = 5*t, -5*t - 21 + 8 = 2*k. Let o be 1 + -2*k + -12. Let g = 41 + o. What is the remainder when g is divided by 10?
8
Suppose -3*m = -m - 16. What is the remainder when (-46)/(-2) + (9 - 10) is divided by m?
6
Let v(z) = z**3 + 5*z**2 + 4*z + 3. Let a = 10 + -13. What is the remainder when 34 is divided by v(a)?
7
Let o = 4 + 2. Let z(h) = -h**2 + 5*h. Calculate the remainder when (8/o)/(10/45) is divided by z(4).
2
Let i(l) = -6*l + 3. Let n be i(2). Let r = 4 - n. Let f = -4 + r. What is the remainder when 25 is divided by f?
7
Suppose -2*l = -4*h + 3*h - 21, -h = 3*l - 39. Calculate the remainder when 45 is divided by l.
9
Calculate the remainder when 32 is divided by 1/(-1) + 13 + 6.
14
Calculate the remainder when 71 is divided by (-282)/(-15) - (-20)/(-25).
17
Let p = 28 - -31. Let b = 61 - 14. Let t = b - 27. What is the remainder when p is divided by t?
19
Let r = 17 - 12. What is the remainder when 21 is divided by ((-12)/r)/((-2)/5)?
3
Let b(t) = -6*t**3 - t**2. Let r be b(-1). Calculate the remainder when r*5 + -9 + 11 is divided by 7.
6
Suppose 3*s - 35 = -2*c - 2*c, -5*s + 2*c + 93 = 0. Calculate the remainder when 47 is divided by s.
13
Suppose 17 = -4*j + 53. Suppose -3*c = -2*c + 4*r - 14, 2*c = -4*r + 16. What is the remainder when (-3 + c)/((-1)/16) is divided by j?
7
Let c(h) = -h**2 - 7*h + 8. What is the remainder when 15 is divided by c(-7)?
7
Let x(p) = 32*p - 10. What is the remainder when x(3) is divided by 18?
14
Suppose -2*i + 17 = 5. Calculate the remainder when 24 is divided by (-3)/i - 27/(-2).
11
Suppose -k + 12 = 4*f, -k + 4*f = -4*k + 20. Suppose -k*t + 24 = -0*t. Suppose 4*b - t*b + 30 = 0. Calculate the remainder when b is divided by 8.
7
Let t be (-1 - 4/(-16))*-4. Suppose 26 = -t*l + 3*b + 74, -2*b - 74 = -5*l. What is the remainder when 40 is divided by l?
12
Suppose 0 = -3*l - 6 + 15. What is the remainder when 3*3 + -2 + 4 is divided by l?
2
Suppose 4*y + 2*h - 254 = 0, -h + 2 = 3. Calculate the remainder when y is divided by 22.
20
Suppose 0*m - 2*m - 4*u + 448 = 0, 2*u + 704 = 3*m. What is the remainder when m is divided by 39?
37
Let a(q) = -q**2 + 8*q - 7. Calculate the remainder when a(3) is divided by 3.
2
Let h = -5 - -9. Suppose h*n + 3 = 3*c - 18, 27 = -4*n + 5*c. What is the remainder when (6/(-5))/(n/20) is divided by 5?
3
Let y = -44 - -99. Calculate the remainder when y is divided by 12.
7
Let m(d) be the third derivative of d**5/12 - d**4/6 - d**3/3 - 2*d**2. What is the remainder when m(-3) is divided by 19?
17
What is the remainder when 77 is divided by 32*2/(-16)*-4?
13
Let s = 44 + -31. Let v = 9 + 28. What is the remainder when v is divided by s?
11
Suppose 13*b = 6*b + 70. What is the remainder when 28 is divided by b?
8
Let v be (-9)/(-6)*(-2)/(-3). Let b be (1/v)/(3/15). Suppose 0 = -d, b*d - 1 + 0 = -o. Calculate the remainder when o is divided by 1.
0
Let n(v) = 8*v**2. Calculate the remainder when 22 is divided by n(-1).
6
Let o(u) = u**3 - 6*u**2 - 2*u. Suppose 2*n = s - 12, -n - 48 = -4*s - 6*n. Calculate the remainder when o(7) is divided by s.
11
Let q(x) = -3*x - 8. What is the remainder when 74 is divided by q(-9)?
17
Let b = 3 - -12. Suppose 0 = 3*p - 0*p - b. What is the remainder when 14 is divided by 4*p/2 + -2?
6
Calculate the remainder when -12 + 8 - (-24 + 2*-1) is divided by 7.
1
Suppose 2*a - 8 = -0*a. Calculate the remainder when 11 is divided by 3 - (-3 + -2 + a).
3
Let c(b) = 4*b - 3. Calculate the remainder when 32 is divided by c(5).
15
Suppose -3*y + 65 = 2*q + 2*y, 4*y = -4*q + 124. Let n(b) = 11*b**3 - b**2 + 2*b - 1. What is the remainder when q is divided by n(1)?
8
Let m(g) = g**3 + 8*g**2 + 2*g - 3. Suppose 7 = -2*f - 7. Calculate the remainder when m(f) is divided by 11.
10
Let n(p) = 7*p + 7*p - p - p**2 - 11 + p. Calculate the remainder when 38 is divided by n(12).
12
Let h(t) = -3*t - 12. Let m be h(-5). Suppose -n + 105 = 4*n. Suppose -m*v - n = -4*v. Calculate the remainder when v is divided by 11.
10
Let r = -64 - -87. Let d(i) be the second derivative of i**4/6 + i**3 + 2*i**2 - i. What is the remainder when r is divided by d(-4)?
11
Suppose 2*n + 6 - 28 = 0. Let a = n - 7. What is the remainder when 15 is divided by a?
3
What is the remainder when 43 is divided by 1*(-39)/(-3)*3/3?
4
Suppose k + 0 = -13. What is the remainder when 44 is divided by (-178)/(-12) - k/78?
14
Let j(v) = -v + 1. Let w(m) = m**2 + 4*m - 4. Let n be w(-6). Suppose 0 = -2*a + 4*u - n, 2*a + 3*u = -u + 16. What is the remainder when a is divided by j(0)?
0
Let o(h) = h**2 - h + 1. What is the remainder when 20 is divided by o(-2)?
6
Suppose 5*z - 15 - 15 = 0. Let b = 36 - 3. Calculate the remainder when b is divided by (-2 - 49)*(-2)/z.
16
What is the remainder when 173/2 - (-18)/(-12) is divided by 22?
19
Suppose -2*c + 6*c = 68. What is the remainder when 63 is divided by c?
12
Suppose 5 = 4*u - 55. Suppose 1 = -5*i + 26, -4*p + 2*i = -162. What is the remainder when p is divided by u?
13
Let q(n) = -4*n**2 - 5*n - 1. Let m(p) = p**2 - p + 1. Let f(k) = -5*m(k) - q(k). What is the remainder when 47 is divided by f(8)?
11
Suppose -y - 15 = -5*y + b, b = -5*y + 21. What is the remainder when y is divided by 2?
0
Let n(j) = j**2 + 2*j. Let a be n(-2). Suppose u = -a*z - 2*z + 3, -z - 44 = -3*u. Let t(x) = 5*x + 7. Calculate the remainder when t(6) is divided by u.
11
What is the remainder when ((-20)/(-32)*-2)/(1/(-4)) is divided by 3?
2
Let t be (1 - -4)/((-4)/(-12)). Let q = -9 + t. Calculate the remainder when 10 is divided by q.
4
Suppose 3*u - u - 424 = -4*s, -4*u = 3*s - 858. Calculate the remainder when 70 is divided by (u/30)/((-6)/(-20)).
22
Suppose -2*c - 258 = -0*c. Let w = 198 + c. What is the remainder when w is divided by 24?
21
Let n = 44 + -39. What is the remainder when 9 is divided by n?
4
Let c(u) = u**3 - 4*u**2 + 3*u + 4. Let d(v) = -v**2. Let a be d(0). Calculate the remainder when (33 - a)*2/6 is divided by c(3).
3
Calculate the remainder when (-7 - -4)*(-3 + -39 - 1) is divided by 11.
8
Calculate the remainder when 4 is divided by (-16)/(-4) + 0 + -2.
0
Suppose 3*c - 6*c + 15 = 0, -100 = 5*o + 3*c. Let r = o + 43. What is the remainder when 57 is divided by r?
17
Let r(p) = 5*p**3 + p**2 - 2*p + 1. Let b(v) = -v**3 + 7*v**2 - 9*v + 5. Let z be b(6). Let s = z + 20. Calculate the remainder when s is divided by r(1).
2
Let b(j) = 2*j + 15. What is the remainder when b(11) is divided by 22?
15
Let z(y) = 31*y. Let d(w) = 6*w. Let b(a) = -11*d(a) + 2*z(a). Calculate the remainder when 15 is divided by b(-2).
7
What is the remainder when 5/(-20) + (-45)/(-4) is divided b